t is j(-15)?
0
Let i(z) be the first derivative of -z**4/4 - 14*z**3/3 + z**2 + 21*z + 30. Determine i(-14).
-7
Let s(j) be the second derivative of 5*j**4/12 + j**3/6 + 2*j**2 - 304*j. What is s(3)?
52
Let g(a) = 6*a + 16. Let r(q) = -3*q - 8. Let f(u) = -2*g(u) - 5*r(u). Let l(z) = z**3 - 7*z**2 + 3*z - 5. Let h be l(7). Let x be 4*-2 + 32/h. What is f(x)?
-10
Let y(n) = -n**2 - 7*n + 32. Let g be y(-10). Let d(z) = -104*z**2 + 103*z**2 + 7*z + g - 1. Determine d(5).
11
Let z(i) = -16*i**3 + i**2 + i. Let s = -485 + 484. Determine z(s).
16
Let j(w) be the second derivative of 7*w**4/12 + w**3/3 - w**2/2 + 427*w. Calculate j(-2).
23
Suppose 5*l = k - 51, -5*k = 3*l + 34 + 19. Let v(o) = 5 + 10*o - 109*o**2 + 110*o**2 - 5 - 13 - 1. Give v(l).
-3
Let g(r) = 2*r - 2. Let o = -822 + 820. Calculate g(o).
-6
Let r(j) = j**2 + 18*j + 38. Suppose -43 = 3*l + 74*v - 75*v, 0 = -3*l - 5*v - 73. Give r(l).
6
Let d(n) be the third derivative of -12*n**2 + 0*n**3 + 0 - 1/24*n**4 + 0*n. Give d(2).
-2
Let s(t) = 3*t**3 + 7*t**2 + 4*t + 7. Let d(a) = -2*a**3 - 6*a**2 - 4*a - 6. Let w(j) = -4*d(j) - 3*s(j). What is w(4)?
3
Let o(b) = 11*b - 1. Let c be o(2). Suppose 0 = -2*w - 4*k + 72, -w + c + 30 = 5*k. Let p = 22 - w. Let s(r) = r**2 + 3*r + 3. Give s(p).
7
Let h(f) = 7*f**2 - f. Suppose 2 - 3 = -2*c - 3*k, -c - 2*k + 3 = 0. Let i be c/(-14) + 9/(-6). Give h(i).
8
Suppose -5*x = 2*o - 132, 0 = 2*o + 2*x + 29 - 149. Suppose 0 = -5*v - 3*v + o. Let q(a) = -a**2 + 6*a + 7. Calculate q(v).
0
Let t(u) = -u**2 + 8*u + 5. Let n be t(9). Let j(c) be the third derivative of c**4/24 + c**3/6 + 144*c**2. What is j(n)?
-3
Let h(o) = -o**3 - 12*o**2 - 11*o - 7. Suppose 5*d = -32 - 23. Give h(d).
-7
Let f(c) = -c + 5. Suppose -4*q + 48 = q - 4*i, -3*q + 4*i + 32 = 0. What is f(q)?
-3
Let u(q) be the second derivative of q**3/3 + 5*q**2/2 + 30*q. Let k be ((-10)/3)/((-16)/(-12) - 2). Give u(k).
15
Let j(m) = -m**3 - 2*m**2 - 2*m - 1. Let a(h) = -2*h**3 + 5*h**2 - 3*h. Let c be a(2). Determine j(c).
3
Let c(t) = -t + 8. Let p be 204/(-714) + (-88)/(-14). What is c(p)?
2
Let d be (-7 - -19)*4/(-16). Let q(x) be the third derivative of 5*x**4/24 - x**3/3 + 19*x**2. Determine q(d).
-17
Let v(d) = d**3 - d**2 + 7. Let j be v(0). Suppose 0 = -9*p + 10*p + l - 8, -3*l + 21 = 2*p. Let w(a) = -5 + 4 + a + j - p*a. Calculate w(6).
-6
Let x(r) = 8*r**3 - r**2 - 3*r + 1. Let q be x(2). Let p(l) = -20 - 23 + q - l. Give p(6).
6
Suppose u + 4 - 16 = 0. Suppose 7 - u = 5*h. Let t(v) = -4 - 10*v + v + 4. Calculate t(h).
9
Let k(t) = 14*t + 2 - 64*t**2 - 13*t + t**3 + 67*t**2. Let w(d) = d + 1. Let y be w(-4). Calculate k(y).
-1
Suppose v = 2*v - 4. Suppose -l = -0*l + v. Let o(n) = -2*n - 1. Let q(t) = 5*t + 3. Let h(r) = -14*o(r) - 6*q(r). Determine h(l).
4
Let h(y) = y**2 - y - 12. Let s(v) = v**2 - 2*v - 11. Let n(f) = -4*h(f) + 5*s(f). Give n(8).
9
Let j be 9*(224/(-12))/(-14). Let i(h) = -2*h - 9. Give i(j).
-33
Suppose -2*v - 2*v = -8. Suppose 0 = 2*g - 2 - v. Let r(z) = 21 - 7 - 12 - g*z. Determine r(7).
-12
Let r be (-264)/(-143) + (-2)/(-13). Suppose -d + r*d = -5*f + 34, 0 = 2*f - 2*d - 4. Let o(t) = -t + 10. Determine o(f).
4
Suppose 1062 = 11*b + 941. Let v(o) = 4*o - 35. What is v(b)?
9
Let m = 71 + -65. Let b(v) = v**3 - 7*v**2 + 3*v + 8. Give b(m).
-10
Let t(m) = -m - 8. Let b be 15/7 + (-13)/91. Suppose 7*r - 10 = b*r. Suppose 0 = -r*j + 1 - 13. Determine t(j).
-2
Let k(o) = -6*o**3 - 2*o**2 + 1. Let a be k(-1). Let r(w) be the second derivative of w**4/12 - 4*w**3/3 - w**2/2 + 40*w - 1. Determine r(a).
-16
Let b(v) be the third derivative of -v**4/12 - 4*v**3/3 - 143*v**2. What is b(-7)?
6
Let g(d) = 8*d + 269*d**2 - 288*d**2 - d**3 - 38*d - 11 - 15*d**3. Let y(n) = 3*n**3 + 4*n**2 + 6*n + 2. Let o(w) = -2*g(w) - 11*y(w). Determine o(-5).
5
Let f(z) = -3*z - 5. Let b(c) = -1. Let t(x) = -3*b(x) + f(x). What is t(-6)?
16
Suppose 9 = 6*s - 3*s. Let z(p) = 22*p**s + 0*p**2 - 5*p**2 + 8*p - 21*p**3 - 2*p**2. Suppose 0 = q - 3*y - 15, 0 = -4*q - 4*y + 12. Give z(q).
12
Let f(r) be the first derivative of r**4/4 + 4*r**3/3 - r**2 + 348. What is f(-4)?
8
Let h = 212 - 217. Let x(d) = d**2 + 7*d + 5. Determine x(h).
-5
Let c(d) = d**3 - d**2 - d - 4. Suppose 0 = s - 5*s - 4*j + 4, -4*j + 16 = 0. Let u(r) = -2*r**3 + 3*r**2 + 3*r + 7. Let k(i) = s*u(i) - 5*c(i). What is k(5)?
4
Suppose 54 = -0*m + 3*m. Suppose 3*z + 3*i = -z - m, 5*z + 17 = -i. Let g(d) be the third derivative of d**4/24 + 2*d**3/3 + 6*d**2. Give g(z).
1
Suppose 0 = 2*f - f. Let j(a) = -a**3 - 13*a**2 - 14*a - 22. Let t be j(-12). Let z(l) = t*l**2 + f*l - 4*l**3 + 5*l**3 - 1 + 2*l. Determine z(-2).
-5
Let p(h) = -4*h - 2. Suppose -6*g + 8 = -2*g. Suppose -4*y + s + g*s = -61, 5*y = -s + 62. Suppose v + 5 = 4*w, v = -4*w - 2 + y. Give p(w).
-10
Let k be 2 + 1 - (-60)/4. Suppose 5*v - k = 2*v. Let c(p) = -p**2 + 9*p - 9. Determine c(v).
9
Let r(m) = -1 - 4 + m**3 - m**2 + 9*m**2. Let u = 1865 + -1873. Give r(u).
-5
Let o(s) = -s**2 + s - 1. Let a = -14 + 19. Suppose -2 + a = -l, -b = 4*l + 9. Suppose b*f - 2 = -2*u, -u = -4*u + f - 8. Give o(u).
-7
Let t(x) be the first derivative of -3*x**2 + 35*x - 176. Determine t(6).
-1
Let x(c) = -26*c**2 - 3*c + 3*c**3 - 4*c**3 + 22*c**2 - 4. Let y be x(-3). Let r(w) = -5 - w**3 - 4*w + 5 + 5 - 5*w**2. What is r(y)?
5
Let n(a) be the third derivative of -3*a**2 - 5/24*a**4 + 0 + 0*a + 1/6*a**3. Give n(3).
-14
Let h be -1*7/(14/(-6)). Let v(k) = -2*k**2 + 7*k + 7. Let l(s) = -3*s**2 + 13*s + 13. Let i(a) = h*l(a) - 5*v(a). Give i(-3).
1
Suppose -4*v + 36 = -n, 0 = 5*v - 5*n + 27 - 87. Let a = 4 + v. Suppose 4*m - a = -0. Let g(u) = -6*u + 2. Determine g(m).
-16
Let g(s) = -4*s. Let b(z) = -39*z - 1. Let f(t) = b(t) - 6*g(t). Determine f(1).
-16
Let s(k) be the first derivative of -k**3/3 + 3*k**2/2 + 4*k + 72. Let c = 1 + 3. What is s(c)?
0
Let g(l) = -11 + 5 + 5 + 2*l + 0*l. What is g(-4)?
-9
Let k(q) = q**2 - q - 11. Suppose 0 = -2*x + 4, 2*c + 5 + 19 = -5*x. Let n = -32 - c. Let g be 1 - (n/5 - -4). What is k(g)?
-11
Suppose a = 2*a - 8. Let r be 3 + a*(-3)/(-6). Let x(y) = 8*y - 2 - y**3 - 5 + 11 - r*y**2. Give x(-8).
4
Let g(v) be the first derivative of -v**4/4 - 2*v**3 - 5*v**2/2 + 5*v + 443. Give g(-5).
5
Let f = 438 - 439. Let q(z) = -2 + 3 + 5*z + 0*z. What is q(f)?
-4
Let m = 71 - 69. Let z(s) = 3*s**3 - 3*s**2 + 3*s - 7. Let v(g) = -16*g**3 + 16*g**2 - 16*g + 36. Let i(r) = m*v(r) + 11*z(r). Determine i(0).
-5
Let a = -7 + 5. Let t be 8 - -1 - 3*1. Let r(b) = 6*b + 1 - 3*b**2 - t*b. Calculate r(a).
-11
Let c(l) = l**2 - 9*l + 6. Suppose 5*j + 27 = 2*y - 0*j, 3*y - 38 = 5*j. Give c(y).
28
Let o(k) = -3*k - 33. Let p(v) = -13*v - 133. Let d(m) = -9*o(m) + 2*p(m). Determine d(0).
31
Suppose -3*m + 3*j + 9 = 0, 0*j = -j - 4. Let u(f) = -30*f**3 - f. Calculate u(m).
31
Suppose 9*f + 49 = 13. Let z(u) be the second derivative of u**5/20 + u**4/3 + u**3/6 + 2*u**2 + 3*u. Calculate z(f).
0
Let x = -1184 - -1185. Let o(f) = 4*f**2 + 1. Determine o(x).
5
Let a(h) = -23*h + 2. Let q(d) = 19*d - 4. Let p(x) = 4*a(x) + 5*q(x). Give p(6).
6
Let p(r) be the first derivative of -r**5/60 + 5*r**4/12 - 9*r**3 + 13. Let c(f) be the third derivative of p(f). Determine c(10).
-10
Let a(g) = -4*g**3 - 6*g**2 + 8*g - 2. Let q(d) = d**3 + d**2 - d. Let l(j) = a(j) + 5*q(j). Determine l(2).
8
Let i be (-285)/45 - (-4)/3. Let t(w) be the first derivative of w**2 + 4*w - 20. Give t(i).
-6
Let j(o) = -2*o + 5. Suppose -p - 5*d + 1 = -0, -2*p - 2*d + 2 = 0. Let g be p/4 + (-90)/(-24). Give j(g).
-3
Let y(r) = -9*r + 6*r - 2 + r**2 + 0*r + 8*r. Let f be 1 - 14/2 - -2. Calculate y(f).
-6
Let s = 9 + -5. Suppose 0*o - 2*j - 7 = 3*o, -2*j - 12 = -2*o. Let v(d) = -7*d - 7. Let z(l) = -l - 1. Let y(w) = o*v(w) - 6*z(w). Calculate y(s).
-5
Let t(q) = -2*q - 8. Let z(f) = 4*f + 17. Let h(g) = -7*t(g) - 3*z(g). Suppose 0 = w + 10 - 4. Determine h(w).
-7
Let o(x) = -3*x - 19. Let i be o(-7). Let l(k) = 7 - 3*k**2 - 5*k + 4*k**2 - 1 - 2*k**i. What is l(-6)?
0
Suppose 2*d + 2*d = z - 2, z - 2 = -2*d. Let y(h) be the third derivative of h**4/24 - h**3/6 + 3*h**2. What is y(d)?
-1
Suppose 10*u - 488 = 6*u. Let m(r) = 122 - 9*r**2 - u. Let j(l) = l**2 - 7*l - 1. Let f be j(7). Calculate m(f).
-9
Let h(